{"id":40,"date":"2026-03-07T07:32:11","date_gmt":"2026-03-07T07:32:11","guid":{"rendered":"http:\/\/web2.pssr.sk\/hovadzi-dobytok\/"},"modified":"2026-04-15T12:42:21","modified_gmt":"2026-04-15T12:42:21","slug":"hovadzi-dobytok","status":"publish","type":"page","link":"http:\/\/web2.pssr.sk\/index.php\/sk\/hovadzi-dobytok\/","title":{"rendered":"Hov\u00e4dz\u00ed dobytok"},"content":{"rendered":"\n<div class=\"govuk-width-container govuk-!-padding-top-6 govuk-!-padding-bottom-6\">\n\n  <div class=\"govuk-grid-row govuk-!-margin-bottom-6\">\n    <div class=\"govuk-grid-column-full\">\n      <p class=\"govuk-body\">Kontrola \u00fa\u017eitkovosti hov\u00e4dzieho dobytka je vykon\u00e1van\u00e1 v zmysle medzin\u00e1rodn\u00fdch pravidiel k \u010domu n\u00e1s zav\u00e4zuje na\u0161e \u010dlenstvo v medzin\u00e1rodnej organiz\u00e1cii ICAR, ktorej \u010dlenom sme od roku 1994. Z\u00edskan\u00e9 inform\u00e1cie s\u00fa ur\u010den\u00e9 najm\u00e4 chovate\u013eom, ale aj \u0161irokej odbornej verejnosti a v\u0161etk\u00fdm priaznivcom chovu hov\u00e4dzieho dobytka na Slovensku. Uv\u00e1dzan\u00e9 s\u00fa ofici\u00e1lne v\u00fdsledky kontroly mliekovej a m\u00e4sovej \u00fa\u017eitkovosti, v\u00fdsledky reprodukcie a genetick\u00e9 hodnotenie znakov mliekovej a m\u00e4sovej \u00fa\u017eitkovosti.<\/p>\n\n      <div class=\"govuk-inset-text\">\n        <h2 class=\"govuk-heading-m\">Inform\u00e1cie z kontroly \u00fa\u017eitkovosti komplexne poskytuje Plemen\u00e1rsky informa\u010dn\u00fd syst\u00e9m &#8211; PLIS<\/h2>\n        <a href=\"https:\/\/www.plis.sk\" class=\"govuk-button\" target=\"_blank\" rel=\"noopener noreferrer\">Vst\u00fapi\u0165<\/a>\n      <\/div>\n    <\/div>\n  <\/div>\n\n  <hr class=\"govuk-section-break govuk-section-break--m govuk-section-break--visible\">\n\n  <div class=\"govuk-grid-row govuk-!-margin-top-4\">\n    <div class=\"govuk-grid-column-three-quarters\">\n      <ul class=\"govuk-list govuk-list--spaced\">\n        <li><a href=\"\/index.php\/publikacna-cinnost\/\" class=\"govuk-link\">Publikovan\u00e9 v\u00fdsledky K\u00daHD za roky<\/a><\/li>\n        <li><a href=\"\/index.php\/icar-medzinarodna-organizacia-pre-kontrolu-uzitkovosti\/\" class=\"govuk-link\">ICAR \u2013 medzin\u00e1rodn\u00e1 organiz\u00e1cia pre kontrolu \u00fa\u017eitkovosti<\/a><\/li>\n        <li><a href=\"\/index.php\/geneticke-hodnotenie\/\" class=\"govuk-link\">Genetick\u00e9 hodnotenie<\/a><\/li>\n        <li><a href=\"\/index.php\/medzinarodne-geneticke-hodnotenie-v-centre-interbull\/\" class=\"govuk-link\">Interbull \u2013 medzin\u00e1rodn\u00e9 genetick\u00e9 hodnotenie<\/a><\/li>\n        <li><a href=\"\/wp-content\/uploads\/ku\/hd\/Zasady_ASD_KUHD_PSSR.pdf\" class=\"govuk-link\">Z\u00e1sady automatizovan\u00e9ho spracovania d\u00e1t K\u00da HD<\/a><\/li>\n      <\/ul>\n    <\/div>\n    <div class=\"govuk-grid-column-one-quarter\">\n      <ul class=\"govuk-list govuk-list--spaced\">\n        <li><a href=\"\/index.php\/softver-pre-chovatela\/\" class=\"govuk-link\">Program K\u00da pre chovate\u013ea<\/a><\/li>\n        <li><a href=\"https:\/\/www.plis.sk\" class=\"govuk-link\" target=\"_blank\" rel=\"noopener noreferrer\">Plemen\u00e1rsky informa\u010dn\u00fd syst\u00e9m<\/a><\/li>\n        <li><a href=\"\/index.php\/tlaciva-kontroly-uzitkovosti\/\" class=\"govuk-link\">Tla\u010div\u00e1 K\u00da<\/a><\/li>\n        <li><a href=\"\/index.php\/tlaciva-kontroly-uzitkovosti\/\" class=\"govuk-link\">\u017diadosti o pr\u00edstup k d\u00e1tam K\u00da<\/a><\/li>\n      <\/ul>\n    <\/div>\n  <\/div>\n\n<\/div>\n","protected":false},"excerpt":{"rendered":"<p>Kontrola \u00fa\u017eitkovosti hov\u00e4dzieho dobytka je vykon\u00e1van\u00e1 v zmysle medzin\u00e1rodn\u00fdch pravidiel k \u010domu n\u00e1s zav\u00e4zuje na\u0161e \u010dlenstvo v medzin\u00e1rodnej organiz\u00e1cii ICAR, ktorej \u010dlenom sme od roku 1994. Z\u00edskan\u00e9 inform\u00e1cie s\u00fa ur\u010den\u00e9 najm\u00e4 chovate\u013eom, ale aj \u0161irokej odbornej verejnosti a v\u0161etk\u00fdm priaznivcom chovu hov\u00e4dzieho dobytka na Slovensku. Uv\u00e1dzan\u00e9 s\u00fa ofici\u00e1lne v\u00fdsledky kontroly mliekovej a m\u00e4sovej \u00fa\u017eitkovosti, v\u00fdsledky&#8230;<\/p>\n","protected":false},"author":1,"featured_media":0,"parent":0,"menu_order":0,"comment_status":"closed","ping_status":"closed","template":"","meta":{"footnotes":""},"class_list":["post-40","page","type-page","status-publish","hentry"],"_links":{"self":[{"href":"http:\/\/web2.pssr.sk\/index.php\/wp-json\/wp\/v2\/pages\/40","targetHints":{"allow":["GET"]}}],"collection":[{"href":"http:\/\/web2.pssr.sk\/index.php\/wp-json\/wp\/v2\/pages"}],"about":[{"href":"http:\/\/web2.pssr.sk\/index.php\/wp-json\/wp\/v2\/types\/page"}],"author":[{"embeddable":true,"href":"http:\/\/web2.pssr.sk\/index.php\/wp-json\/wp\/v2\/users\/1"}],"replies":[{"embeddable":true,"href":"http:\/\/web2.pssr.sk\/index.php\/wp-json\/wp\/v2\/comments?post=40"}],"version-history":[{"count":3,"href":"http:\/\/web2.pssr.sk\/index.php\/wp-json\/wp\/v2\/pages\/40\/revisions"}],"predecessor-version":[{"id":1180,"href":"http:\/\/web2.pssr.sk\/index.php\/wp-json\/wp\/v2\/pages\/40\/revisions\/1180"}],"wp:attachment":[{"href":"http:\/\/web2.pssr.sk\/index.php\/wp-json\/wp\/v2\/media?parent=40"}],"curies":[{"name":"wp","href":"https:\/\/api.w.org\/{rel}","templated":true}]}}