{"id":118,"date":"2026-03-07T20:48:51","date_gmt":"2026-03-07T20:48:51","guid":{"rendered":"http:\/\/web2.pssr.sk\/?page_id=118"},"modified":"2026-04-16T06:50:36","modified_gmt":"2026-04-16T06:50:36","slug":"cehz-zakladne-informacie","status":"publish","type":"page","link":"http:\/\/web2.pssr.sk\/index.php\/sk\/cehz-zakladne-informacie\/","title":{"rendered":"Z\u00e1kladn\u00e9 inform\u00e1cie"},"content":{"rendered":"\n<div class=\"wp-block-columns is-layout-flex wp-container-core-columns-is-layout-9d6595d7 wp-block-columns-is-layout-flex\">\n<div class=\"wp-block-column is-layout-flow wp-block-column-is-layout-flow\">\n<h2 class=\"wp-block-heading\">Centr\u00e1lny register hospod\u00e1rskych zvierat (CRHZ) eviduje:<\/h2>\n\n\n\n<ul class=\"wp-block-list\">\n<li>chovy a zariadenia<\/li>\n\n\n\n<li>majite\u013eov a dr\u017eite\u013eov<\/li>\n\n\n\n<li>zvierat\u00e1 a udalosti, ktor\u00e9 sa ich t\u00fdkaj\u00fa<\/li>\n\n\n\n<li>pohyby (presuny) zvierat<\/li>\n\n\n\n<li>veterin\u00e1rne \u00fakony a kontroly<\/li>\n<\/ul>\n<\/div>\n\n\n\n<div class=\"wp-block-column is-layout-flow wp-block-column-is-layout-flow\">\n<h2 class=\"wp-block-heading\">V\u00fdznam a d\u00f4vody CRHZ:<\/h2>\n\n\n\n<ul class=\"wp-block-list\">\n<li>CRHZ je s\u00fa\u010das\u0165ou IACS (Integrovan\u00fd administrat\u00edvno-kontroln\u00fd syst\u00e9m)<\/li>\n\n\n\n<li>zoo-veterin\u00e1rne h\u013eadisko \u2013 mapovanie a lokaliz\u00e1cia \u0161\u00edrenia n\u00e1kaz a chor\u00f4b<\/li>\n\n\n\n<li>ochrana spotrebite\u013eov a garancia zdravotnej nez\u00e1vadnosti \u017eivo\u010d\u00ed\u0161nych produktov \u2013 m\u00e4sa<\/li>\n\n\n\n<li>vyu\u017eitie pre plemen\u00e1rske a chovate\u013esk\u00e9 organiz\u00e1cie ako aj pre \u0161tatistick\u00e9 a vedeck\u00e9 \u00fa\u010dely<\/li>\n<\/ul>\n<\/div>\n<\/div>\n\n\n\n<div class=\"govuk-inset-text\">\n        <h2 class=\"govuk-heading-m\">Pr\u00edstup do Centr\u00e1lneho registra hospod\u00e1rskych zvierat &#8211; CRHZ<\/h2>\n        <a href=\"https:\/\/www.crhz.sk\" class=\"govuk-button\" target=\"_blank\" rel=\"noopener noreferrer\">Vst\u00fapi\u0165<\/a>\n      <\/div>\n\n\n\n<hr class=\"wp-block-separator has-alpha-channel-opacity\"\/>\n\n\n\n<div class=\"wp-block-columns is-layout-flex wp-container-core-columns-is-layout-9d6595d7 wp-block-columns-is-layout-flex\">\n<div class=\"wp-block-column is-layout-flow wp-block-column-is-layout-flow\" style=\"flex-basis:66.66%\">\n<p><a href=\"http:\/\/pssr.sk\/wp-content\/uploads\/cehz\/subory\/Info_OS_01072024_chovatelia.pdf\">Zmeny v hl\u00e1sen\u00ed zmien a presunov o\u0161\u00edpan\u00fdch od 1.7.2024<\/a><br><a href=\"http:\/\/pssr.sk\/wp-content\/uploads\/cehz\/subory\/Online-hl%C3%A1senie-cez-pr%C3%ADstup-farm%C3%A1ra-v6_web.pdf\">Elektroniz\u00e1cia hl\u00e1sen\u00ed do Centr\u00e1lneho registra hospod\u00e1rskych zvierat<\/a><br><a href=\"https:\/\/pssr.sk\/wp-content\/uploads\/stiah\/cehz\/usmernenie_k_odhlasovaniu_odcudzenia.pdf\" target=\"_blank\" rel=\"noreferrer noopener\">Usmernenie k nahlasovaniu odcudzen\u00fdch hospod\u00e1rskych zvierat do CRHZ<\/a><br><a href=\"\/index.php\/cehz-ako-zaregistrovat-farmu-a-zvierata\/\">Ako zaregistrova\u0165 farmu a zvierat\u00e1<\/a><br><a href=\"https:\/\/pssr.sk\/wp-content\/uploads\/stiah\/cehz\/RegFarm.pdf\">Registr\u00e1cia chovn\u00e9ho zariadenia<\/a><br><a href=\"\/index.php\/pristup-farmara-do-cehz\/\" target=\"_blank\" rel=\"noreferrer noopener\">Pr\u00edstup farm\u00e1ra do CRHZ<\/a><br><a href=\"https:\/\/pssr.sk\/wp-content\/uploads\/cehz\/subory\/typy_uz_cehz_sr.pdf\">Typy u\u0161n\u00fdch zna\u010diek pou\u017e\u00edvan\u00e9 pre ozna\u010dovanie zvierat v CRHZ<\/a><br><a href=\"\/index.php\/vypis-chybnych-dat\/\">V\u00fdpis chybn\u00fdch d\u00e1t<\/a><br><a href=\"https:\/\/pssr.sk\/index.php\/sk\/sumarne-pocty-a-zoznamy-fariem\/\">Sum\u00e1rne po\u010dty a zoznamy fariem<\/a><br><a href=\"https:\/\/pssr.sk\/wp-content\/uploads\/cehz\/subory\/typyfariemCEHZ.pdf\" target=\"_blank\" rel=\"noreferrer noopener\">Typy fariem v CRHZ<\/a><\/p>\n<\/div>\n\n\n\n<div class=\"wp-block-column is-layout-flow wp-block-column-is-layout-flow\" style=\"flex-basis:33.33%\">\n<p><a href=\"https:\/\/pssr.sk\/wp-content\/uploads\/cehz\/subory\/sadzobnik.pdf\" target=\"_blank\" rel=\"noreferrer noopener\">Sadzobn\u00edk \u00fahrad za spr\u00edstup\u0148ovanie inform\u00e1ci\u00ed<\/a><br><a href=\"https:\/\/pssr.sk\/wp-content\/uploads\/stiah\/cehz\/ObjDuplPas.pdf\" target=\"_blank\" rel=\"noreferrer noopener\">Objedn\u00e1vka na duplik\u00e1ty pasov a duplik\u00e1t Registra chovu<\/a><br><a href=\"https:\/\/pssr.sk\/wp-content\/uploads\/stiah\/cehz\/ziadostPF.pdf\" target=\"_blank\" rel=\"noreferrer noopener\">Formul\u00e1r: \u017diados\u0165 o pripojenie do datab\u00e1zy CRHZ cez Pr\u00edstup farm\u00e1ra<\/a><\/p>\n<\/div>\n<\/div>\n\n\n\n<p><\/p>\n","protected":false},"excerpt":{"rendered":"<p>Centr\u00e1lny register hospod\u00e1rskych zvierat (CRHZ) eviduje: V\u00fdznam a d\u00f4vody CRHZ: Pr\u00edstup do Centr\u00e1lneho registra hospod\u00e1rskych zvierat &#8211; CRHZ Vst\u00fapi\u0165 Zmeny v hl\u00e1sen\u00ed zmien a presunov o\u0161\u00edpan\u00fdch od 1.7.2024Elektroniz\u00e1cia hl\u00e1sen\u00ed do Centr\u00e1lneho registra hospod\u00e1rskych zvieratUsmernenie k nahlasovaniu odcudzen\u00fdch hospod\u00e1rskych zvierat do CRHZAko zaregistrova\u0165 farmu a zvierat\u00e1Registr\u00e1cia chovn\u00e9ho zariadeniaPr\u00edstup farm\u00e1ra do CRHZTypy u\u0161n\u00fdch zna\u010diek pou\u017e\u00edvan\u00e9 pre ozna\u010dovanie&#8230;<\/p>\n","protected":false},"author":1,"featured_media":0,"parent":0,"menu_order":0,"comment_status":"closed","ping_status":"closed","template":"","meta":{"footnotes":""},"class_list":["post-118","page","type-page","status-publish","hentry"],"_links":{"self":[{"href":"http:\/\/web2.pssr.sk\/index.php\/wp-json\/wp\/v2\/pages\/118","targetHints":{"allow":["GET"]}}],"collection":[{"href":"http:\/\/web2.pssr.sk\/index.php\/wp-json\/wp\/v2\/pages"}],"about":[{"href":"http:\/\/web2.pssr.sk\/index.php\/wp-json\/wp\/v2\/types\/page"}],"author":[{"embeddable":true,"href":"http:\/\/web2.pssr.sk\/index.php\/wp-json\/wp\/v2\/users\/1"}],"replies":[{"embeddable":true,"href":"http:\/\/web2.pssr.sk\/index.php\/wp-json\/wp\/v2\/comments?post=118"}],"version-history":[{"count":13,"href":"http:\/\/web2.pssr.sk\/index.php\/wp-json\/wp\/v2\/pages\/118\/revisions"}],"predecessor-version":[{"id":1204,"href":"http:\/\/web2.pssr.sk\/index.php\/wp-json\/wp\/v2\/pages\/118\/revisions\/1204"}],"wp:attachment":[{"href":"http:\/\/web2.pssr.sk\/index.php\/wp-json\/wp\/v2\/media?parent=118"}],"curies":[{"name":"wp","href":"https:\/\/api.w.org\/{rel}","templated":true}]}}